 prime factors of 94142?
2, 103, 457
What are the prime factors of 9643922?
2, 251, 19211
What are the prime factors of 256804?
2, 19, 31, 109
What are the prime factors of 1383011?
7, 197573
What are the prime factors of 37847814?
2, 3, 17, 371057
What are the prime factors of 4388?
2, 1097
List the prime factors of 418240.
2, 5, 1307
List the prime factors of 284883.
3, 94961
List the prime factors of 307494.
2, 3, 11, 1553
List the prime factors of 7449480.
2, 3, 5, 20693
What are the prime factors of 464446?
2, 181, 1283
What are the prime factors of 3701?
3701
What are the prime factors of 6479107?
37, 41, 4271
List the prime factors of 256200.
2, 3, 5, 7, 61
What are the prime factors of 243967?
17, 113, 127
What are the prime factors of 1658884?
2, 414721
What are the prime factors of 824431?
223, 3697
What are the prime factors of 432624?
2, 3, 9013
What are the prime factors of 8409726?
2, 3, 13, 83, 433
What are the prime factors of 448219?
439, 1021
What are the prime factors of 4894049?
4894049
What are the prime factors of 2450571?
3, 816857
List the prime factors of 631803.
3, 210601
List the prime factors of 322332.
2, 3, 26861
What are the prime factors of 419491?
419491
List the prime factors of 320817.
3, 7, 15277
What are the prime factors of 13332218?
2, 1021, 6529
List the prime factors of 1217689.
11, 23, 4813
List the prime factors of 5638.
2, 2819
List the prime factors of 921810.
2, 3, 5, 30727
List the prime factors of 51408.
2, 3, 7, 17
What are the prime factors of 434246?
2, 29, 7487
What are the prime factors of 155783?
155783
What are the prime factors of 1230878?
2, 11, 55949
List the prime factors of 19931028.
2, 3, 13, 127763
List the prime factors of 45898.
2, 53, 433
What are the prime factors of 15759125?
5, 139, 907
What are the prime factors of 23718?
2, 3, 59, 67
List the prime factors of 454904.
2, 101, 563
List the prime factors of 565248.
2, 3, 23
List the prime factors of 3125070.
2, 3, 5, 13, 2671
What are the prime factors of 705441?
3, 11, 21377
List the prime factors of 26372469.
3, 59, 148997
What are the prime factors of 88764?
2, 3, 13, 569
List the prime factors of 1284370.
2, 5, 128437
What are the prime factors of 83881?
7, 23, 521
List the prime factors of 4820891.
61, 79031
What are the prime factors of 988623?
3, 109847
List the prime factors of 20801051.
101, 205951
What are the prime factors of 4344433?
31, 140143
What are the prime factors of 2226795?
3, 5, 53, 2801
List the prime factors of 1745084.
2, 11, 17, 2333
List the prime factors of 2185770.
2, 3, 5, 72859
List the prime factors of 8618271.
3, 2872757
What are the prime factors of 5928593?
11, 311, 1733
List the prime factors of 20198761.
11, 23, 29, 2753
List the prime factors of 333064.
2, 17, 31, 79
What are the prime factors of 26205754?
2, 13102877
List the prime factors of 771488.
2, 24109
What are the prime factors of 353484?
2, 3, 1091
What are the prime factors of 264846?
2, 3, 37, 1193
List the prime factors of 6236313.
3, 19, 37, 2957
List the prime factors of 5286369.
3, 11, 14563
List the prime factors of 3183381.
3, 39301
List the prime factors of 483326.
2, 241663
What are the prime factors of 317843?
31, 10253
What are the prime factors of 634205?
5, 11, 13, 887
List the prime factors of 188922.
2, 3, 23, 37
What are the prime factors of 19926339?
3, 1223, 5431
List the prime factors of 194548.
2, 17, 2861
What are the prime factors of 263215?
5, 61, 863
List the prime factors of 5501658.
2, 3, 193, 4751
What are the prime factors of 17242275?
3, 5, 229897
List the prime factors of 924726.
2, 3, 11, 14011
What are the prime factors of 273798?
2, 3, 7, 41, 53
What are the prime factors of 1155629?
1155629
What are the prime factors of 189860?
2, 5, 11, 863
What are the prime factors of 1115132?
2, 17, 23, 31
What are the prime factors of 2628931?
17, 154643
What are the prime factors of 155005?
5, 29, 1069
What are the prime factors of 13910267?
7, 17, 16699
List the prime factors of 17012691.
3, 1890299
What are the prime factors of 8814581?
433, 20357
What are the prime factors of 687288?
2, 3, 7, 4091
What are the prime factors of 258293?
7, 36899
What are the prime factors of 433013?
7, 8837
List the prime factors of 1170487.
1170487
List the prime factors of 1301170.
2, 5, 13, 10009
What are the prime factors of 357296?
2, 137, 163
What are the prime factors of 472391?
472391
What are the prime factors of 1461394?
2, 11, 181, 367
List the prime factors of 470150.
2, 5, 9403
What are the prime factors of 4172690?
2, 5, 53, 7873
What are the prime factors of 265077?
3, 29453
List the prime factors of 14968899.
3, 11, 151201
What are the prime factors of 262852?
2, 65713
What are the prime factors of 1489200?
2, 3, 5, 17, 73
List the prime factors of 39213.
3, 4357
What are the prime factors of 26878225?
5, 11, 43, 2273
What are the prime factors of 18183168?
2, 3, 1973
What are the prime factors of 1815258?
2, 3, 97, 3119
What are the prime factors of 4892371?
11, 47, 9463
List the prime factors of 11834052.
2, 3, 23, 53, 809
What are the prime factors of 1201306?
2, 197, 3049
List the prime factors of 3559066.
2, 7, 23, 1579
What are the prime factors of 380260?
2, 5, 19013
What are the prime factors of 361161?
3, 40129
What are the prime factors of 4569818?
2, 11, 207719
What are the prime factors of 563169?
3, 131, 1433
What are the prime factors of 778330?
2, 5, 7, 11119
What are the prime factors of 264063?
3, 23, 43, 89
List the prime factors of 63186.
2, 3, 10531
List the prime factors of 2641293.
3, 31, 9467
What are the prime factors of 620366?
2, 313, 991
List the prime factors of 34837518.
2, 3, 5806253
What are the prime factors of 198470?
2, 5, 89, 223
List the prime factors of 2845574.
2, 101, 14087
What are the prime factors of 217316?
2, 11, 449
What are the prime factors of 11501348?
2, 2875337
List the prime factors of 354180.
2, 3, 5, 5903
What are the prime factors of 1529006?
2, 19, 40237
List the prime factors of 678686.
2, 61, 5563
What are the prime factors of 60979?
17, 211
List the prime factors of 2835170.
2, 5, 13, 113, 193
What are the prime factors of 8802?
2, 3, 163
List the prime factors of 1720451.
17, 101203
List the prime factors of 3380893.
3380893
What are the prime factors of 451163?
17, 26539
What are the prime factors of 16375978?
2, 37, 5981
List the prime factors of 2726581.
11, 13, 23, 829
List the prime factors of 652072.
2, 81509
List the prime factors of 739758.
2, 3, 139, 887
What are the prime factors of 2419763?
17, 37, 3847
What are the prime factors of 793602?
2, 3, 44089
List the prime factors of 781758.
2, 3, 31, 467
What are the prime factors of 5320358?
2, 2660179
What are the prime factors of 2901368?
2, 67, 5413
List the prime factors of 10908977.
263, 41479
List the prime factors of 25298.
2, 7, 13, 139
What are the prime factors of 155842?
2, 67, 1163
List the prime factors of 12139.
61, 199
List the prime factors of 17013754.
2, 61, 139457
List the prime factors of 2122183.
7, 73, 4153
List the prime factors of 730622.
2, 401, 911
List the prime factors of 806244.
2, 3, 67187
What are the prime factors of 11989699?
71, 168869
What are the prime factors of 97623?
3, 10847
What are the prime factors of 966143?
479, 2017
What are the prime factors of 1892493?
3, 210277
List the prime factors of 4345840.
2, 5, 54323
What are the prime factors of 4270004?
2, 223, 4787
What are the prime factors of 13743349?
353, 38933
List the prime factors of 2900797.
2900797
What are the prime factors of 4371973?
4371973
List the prime factors of 38851.
38851
What are the prime factors of 35530?
2, 5, 11, 17, 19
List the prime factors of 7839662.
2, 439, 8929
What are the prime factors of 12181902?
2, 3, 2030317
List the prime factors of 651590.
2, 5, 23, 2833
List the prime factors of 5940199.
5940199
List the prime factors of 277458.
2, 3, 131, 353
List the prime factors of 2276963.
13, 17, 10303
What are the prime factors of 8651808?
2, 3, 11, 2731
What are the prime factors of 294412?
2, 89, 827
List the prime factors of 196465.
5, 39293
What are the prime factors of 1158082?
2, 439, 1319
What are the prime factors of 93331?
7, 67, 199
What are the prime facto